8 and 18.
6
What is the highest common divisor of 1170288 and 336?
336
Calculate the greatest common factor of 32464 and 168.
8
Calculate the greatest common factor of 586 and 6152414.
586
Calculate the greatest common factor of 1073248 and 880.
176
Calculate the highest common divisor of 16638 and 1416.
354
What is the greatest common factor of 1131 and 2149277?
377
What is the greatest common factor of 750 and 84450?
150
What is the highest common factor of 52407 and 81?
81
Calculate the greatest common divisor of 3992 and 488521.
499
Calculate the highest common divisor of 1228878 and 162.
54
Calculate the highest common divisor of 7038108 and 7.
7
Calculate the highest common divisor of 255950 and 100.
50
What is the highest common divisor of 119010 and 120?
30
Calculate the highest common divisor of 16606 and 22382.
722
What is the highest common divisor of 2024 and 1396054?
506
Calculate the greatest common factor of 502262 and 124.
62
Calculate the highest common divisor of 574337 and 2101.
191
Calculate the greatest common divisor of 45327 and 1653.
87
Calculate the highest common factor of 474253 and 13.
13
What is the highest common factor of 291871 and 53?
53
What is the greatest common divisor of 160 and 560?
80
Calculate the greatest common factor of 915 and 1065.
15
What is the highest common divisor of 2325 and 72540?
465
What is the greatest common divisor of 94580 and 36?
4
Calculate the greatest common divisor of 8025 and 645.
15
What is the highest common factor of 30450 and 124250?
350
Calculate the highest common divisor of 475 and 30200.
25
What is the greatest common factor of 1880 and 144920?
40
What is the highest common divisor of 8432 and 8153?
31
Calculate the highest common factor of 40 and 223690.
10
What is the highest common factor of 55 and 80?
5
Calculate the highest common divisor of 89794 and 278.
278
What is the highest common factor of 1030932 and 27?
9
What is the greatest common factor of 571 and 14?
1
What is the highest common factor of 1074766 and 11858?
1078
What is the greatest common factor of 217 and 2288699?
217
Calculate the greatest common divisor of 64560 and 495.
15
What is the highest common divisor of 204 and 364956?
204
What is the greatest common divisor of 204 and 3895737?
51
Calculate the greatest common factor of 188952 and 24.
24
What is the highest common factor of 781 and 431609?
71
What is the highest common factor of 21 and 2966341?
7
What is the greatest common divisor of 486 and 263574?
162
What is the greatest common divisor of 4316 and 388772?
332
What is the greatest common divisor of 1089 and 71027?
121
What is the greatest common factor of 507 and 42419?
169
Calculate the highest common factor of 41524 and 140.
28
Calculate the greatest common divisor of 180 and 5140.
20
What is the greatest common divisor of 340 and 8058?
34
Calculate the greatest common factor of 8194 and 442.
34
What is the greatest common divisor of 2419 and 39707?
59
Calculate the highest common divisor of 173715 and 15.
15
What is the highest common divisor of 399 and 10836?
21
Calculate the greatest common factor of 111895 and 7.
7
Calculate the highest common factor of 690 and 1541.
23
Calculate the highest common divisor of 384304 and 32.
16
Calculate the greatest common factor of 75705 and 170465.
515
Calculate the greatest common factor of 3058 and 264.
22
What is the highest common divisor of 797 and 193671?
797
Calculate the greatest common divisor of 8 and 148584.
8
What is the greatest common factor of 69 and 988103?
23
What is the highest common divisor of 220 and 7711?
11
What is the greatest common factor of 74666 and 296?
74
What is the highest common factor of 6376 and 895031?
797
What is the greatest common factor of 59124 and 26?
26
Calculate the greatest common factor of 99910 and 46.
2
What is the highest common divisor of 29 and 1266401?
29
Calculate the greatest common divisor of 179565 and 48.
3
Calculate the highest common divisor of 6043188 and 12.
12
What is the greatest common factor of 58700 and 25?
25
What is the greatest common divisor of 13356 and 92750?
742
Calculate the highest common divisor of 1390 and 66998.
278
What is the greatest common factor of 91 and 171262?
91
Calculate the highest common divisor of 2215 and 35.
5
Calculate the highest common factor of 253586 and 206.
206
Calculate the greatest common divisor of 27267 and 21009.
447
What is the greatest common divisor of 188 and 140436?
188
What is the greatest common factor of 96 and 8163136?
32
Calculate the highest common factor of 7693 and 686.
49
What is the highest common factor of 200387 and 110?
11
What is the highest common factor of 430470 and 36?
18
Calculate the greatest common divisor of 8360 and 7942.
418
What is the highest common factor of 2660 and 7790?
190
What is the greatest common factor of 52841 and 3988?
997
What is the highest common divisor of 34 and 1350038?
34
Calculate the highest common divisor of 115 and 738277.
23
What is the greatest common divisor of 2886 and 3219?
111
Calculate the highest common factor of 11 and 901890.
11
Calculate the greatest common factor of 1732972 and 428.
428
Calculate the highest common factor of 208 and 46878.
26
Calculate the greatest common divisor of 350 and 46445.
35
What is the highest common divisor of 216 and 786078?
54
Calculate the greatest common factor of 103782 and 7938.
294
Calculate the greatest common divisor of 4981 and 527.
17
What is the greatest common divisor of 2355 and 240?
15
What is the greatest common factor of 12803 and 134974?
217
What is the highest common factor of 6290 and 18445?
85
Calculate the highest common factor of 3002 and 51642.
38
Calculate the highest common divisor of 1404 and 102024.
468
Calculate the greatest common factor of 30540 and 480.
60
What is the highest common divisor of 597365 and 370?
185
Calculate the greatest common factor of 1272 and 3392.
424
Calculate the greatest common divisor of 6225 and 1200.
75
What is the greatest common divisor of 337843 and 22?
11
Calculate the highest common divisor of 3960680 and 40.
40
What is the greatest common divisor of 1479 and 3799?
29
Calculate the highest common divisor of 92729 and 182.
91
What is the greatest common factor of 136 and 1481244?
68
Calculate the greatest common divisor of 1365220 and 40.
20
What is the greatest common divisor of 172 and 122378?
86
What is the highest common factor of 1420 and 19610?
10
Calculate the greatest common divisor of 4114 and 83776.
374
Calculate the greatest common factor of 3541664 and 97.
97
Calculate the highest common divisor of 2190 and 1452.
6
Calculate the highest common factor of 11736 and 40.
8
Calculate the highest common divisor of 635 and 45.
5
What is the highest common divisor of 44 and 19167038?
22
Calculate the highest common factor of 2 and 436492.
2
What is the highest common divisor of 118502 and 7061?
307
What is the greatest common divisor of 676973 and 11?
11
Calculate the greatest common factor of 210 and 681016.
14
What is the highest common divisor of 35297 and 235?
47
Calculate the highest common factor of 140 and 31423.
7
What is the greatest common divisor of 135 and 12631?
1
What is the greatest common divisor of 1256853 and 67?
67
What is the highest common divisor of 1919047 and 6149?
559
Calculate the highest common divisor of 263024 and 16.
16
Calculate the greatest common factor of 13413 and 51.
51
What is the highest common factor of 38881 and 59?
59
Calculate the greatest common divisor of 13500 and 339930.
270
Calculate the highest common factor of 2320 and 9200.
80
Calculate the highest common divisor of 8092 and 5491.
289
Calculate the highest common divisor of 1 and 14839.
1
Calculate the greatest common factor of 3348 and 297.
27
What is the highest common divisor of 4773 and 99201?
129
Calculate the highest common factor of 31726 and 203.
29
Calculate the highest common divisor of 272 and 770134.
34
Calculate the highest common factor of 44577 and 1053.
351
Calculate the greatest common divisor of 172 and 100.
4
Calculate the highest common divisor of 225 and 13525.
25
What is the highest common factor of 264 and 18552?
24
What is the highest common divisor of 4482 and